= -f + 11. Let w = -8 - -13. Let g = 43 - 26. Calculate the remainder when g is divided by a(w).
5
Suppose 0 = -3*m + 11 + 151. Calculate the remainder when m is divided by 14.
12
Let q = -11 + 15. Calculate the remainder when 7 is divided by q.
3
Suppose 0 = n - 5*n + 136. What is the remainder when n is divided by 19?
15
Suppose -16 = -4*r + 4. Suppose -t + r*t - 24 = 0. Suppose m = t*m - 10. What is the remainder when 3 is divided by m?
1
Let z(o) = 4*o**2 + 4*o - 4. Calculate the remainder when z(-5) is divided by 26.
24
Let u = 35 + 15. What is the remainder when u is divided by 17?
16
Let j = -3 - -25. Let r(a) = 8*a - 6. Calculate the remainder when r(6) is divided by j.
20
Let g(n) = 14*n**2 - 13*n - 5. What is the remainder when g(5) is divided by 47?
45
Let a = 146 - 121. Calculate the remainder when 44 is divided by a.
19
Suppose -4*r - 2 + 6 = 0, 0 = 4*s - 2*r - 18. Suppose x + 2*a = s, 4*a + 23 = x - 0*x. What is the remainder when 32 is divided by x?
10
Suppose -4*l + 12 = 4. Let f = -324 - -475. Suppose 3*v - 3*m = f + 26, -2*v + 126 = l*m. Calculate the remainder when v is divided by 21.
19
What is the remainder when (1 - 25)*20/(-12) is divided by 14?
12
What is the remainder when 41 is divided by (-1 + 11)*(-42)/(-28)?
11
Let f(k) = k - 3. Let a be f(3). Suppose 0 = -4*j + 12 - a, -j + 3 = 5*d. Suppose d = 4*n + n - 205. Calculate the remainder when n is divided by 14.
13
Suppose -5*g + 4*g = -3. Let a = -84 + 57. Calculate the remainder when (-94)/(-18) - (-6)/a is divided by g.
2
Let s be -1 + 3 + -5 - 37. Let h = 73 + s. Calculate the remainder when h is divided by 17/2*2 + 0.
16
Let p(q) = -q**3 + q**2 - q + 1. Let t be p(1). What is the remainder when 24 is divided by (-3 + t)/((-5)/15)?
6
Suppose -385 = v - 8*v. What is the remainder when v is divided by 28?
27
Suppose 0 = -26*v + 345 + 357. What is the remainder when (1/2)/(2/212) is divided by v?
26
Let c = -11 + 15. Suppose u - 4*t = 20, -7*u = -3*u - t - 5. Suppose u = 2*p + 6, 2*w - 3*p - 5 = 24. What is the remainder when w is divided by c?
2
Let f = 46 + -32. What is the remainder when (78/4)/((-3)/(-4)) is divided by f?
12
What is the remainder when (-1)/(4/232*-2) is divided by 8?
5
Let k be (-27)/21 + 4/14. Calculate the remainder when -23*(-1 + 2)/k is divided by 6.
5
Let q(x) = x**3 + x**2 + 106. What is the remainder when q(0) is divided by 27?
25
Suppose 14*h - 10*h = 116. What is the remainder when h is divided by 16?
13
Let v = 19 - 1. What is the remainder when v is divided by 13?
5
Calculate the remainder when 16 is divided by 1/(-2)*(-6 - 12).
7
Let c(a) = a**3 + 3*a**2 + a - 7. Let p be c(5). Suppose 4*n = 606 - p. What is the remainder when n is divided by 26?
24
Suppose -x = -0*x. Suppose x = 3*u + u. Suppose u*v - 25 = -5*v. Calculate the remainder when v is divided by 2.
1
Let w(r) = -r**3 - 4*r**2 - 9*r - 2. Calculate the remainder when w(-3) is divided by 6.
4
Suppose -4*a - 3*a = 0. Suppose 5*o - 203 = l + 3*l, -o - 2*l + 35 = a. Calculate the remainder when o is divided by 21.
18
Let c(k) = -k**2 - 9*k + 4. Let a(l) = -l**3 - 5*l**2 - 5*l - 3. Suppose -2*t - 8 = 0, -5 = -3*u + 4*t + t. What is the remainder when a(u) is divided by c(-8)?
10
Suppose -11*o + 96 = -3*o. Calculate the remainder when (-67)/(-2) + 2/4 is divided by o.
10
Calculate the remainder when ((-2)/8*-38)/((-21)/(-252)) is divided by 13.
10
Let g be (-3)/(-12) + 1263/(-12). What is the remainder when 27 is divided by g/10*8/(-6)?
13
Let s = 1 + 3. Suppose k = -s + 16. Suppose -4*v + 4*j = -0*j - 120, -4*v + 140 = j. Calculate the remainder when v is divided by k.
10
Let f(r) = -r**3 + 5*r**2 - r + 7. Let b be f(5). Let q = -2 + b. Let h(s) = -s**2 + 2. What is the remainder when 4 is divided by h(q)?
0
Let g(x) = x**2 + 3*x + 2. Let c(s) = 2*s + 12. Let w be c(-9). Calculate the remainder when g(w) is divided by 11.
9
Suppose -2*a + 3*q = -23, 0 = 5*a + 2*q - q - 49. Calculate the remainder when a is divided by 7.
3
Let l(z) = z**3 + 15*z**2 - 21*z - 64. Calculate the remainder when 61 is divided by l(-16).
13
Let j(w) = -w**3 + 7*w**2 - 3*w + 3. Calculate the remainder when j(5) is divided by 754/39 + (-2)/(-3).
18
Let t = 16 - 3. Suppose -5*l + 8*l = -15, -l = -4*k + 25. Let g = k + 20. Calculate the remainder when g is divided by t.
12
Suppose 4*x - 20 = -o - 0*o, -2*o + 37 = 5*x. Calculate the remainder when o is divided by 3.
1
Let j be (3/2)/((-18)/(-48)). Calculate the remainder when j/18 - (-1722)/27 is divided by 33.
31
Let y be 7 + (-6 - (0 - 3)). Suppose -y*d + 49 = 5*x - 2*d, 17 = x - 2*d. What is the remainder when 32 is divided by x?
10
Let n(o) = -16*o**3 - 2*o**2 - 2*o - 1. Let u(f) = -7*f + 15. What is the remainder when u(-4) is divided by n(-1)?
13
Let t(r) = 18*r + 9. Suppose 0 = -4*g - 3*w + 16, -2*g = -w - 32 + 14. Calculate the remainder when t(g) is divided by 34.
33
Suppose 6 = a - 5. Suppose 0 = -2*y - 2*f + 36, 2*y + 5*f = a + 25. Let x = 32 - y. What is the remainder when 40 is divided by x?
12
Let r = -2 + 32. Calculate the remainder when r is divided by 17.
13
Suppose 10*p - 722 + 192 = 0. Suppose z + 2*z - 54 = 0. What is the remainder when p is divided by z?
17
Let k(b) = 6*b + 5. Suppose -3*z + 42 = -18. What is the remainder when z is divided by k(1)?
9
Let n = 61 - 120. Let v = n - -85. Calculate the remainder when v is divided by 14.
12
Suppose -5*x - 5 - 10 = 0. Let n = 8 - x. What is the remainder when 43 is divided by n?
10
Let l = 14 - 6. Let w(r) = r**2 + r. Let c be w(1). Suppose 4*z = -2*i + 54, -c*i - z + 5*z + 38 = 0. Calculate the remainder when i is divided by l.
7
Let q = -60 - -77. What is the remainder when 49 is divided by q?
15
Suppose 2*y + 133 = -39. Let t = -61 - y. Suppose 2*r - 3*r = -t. What is the remainder when r is divided by 13?
12
Suppose -4*t + 40 = 2*g, -4*g + 3*t - 63 = -7*g. Let s(x) = x**2 + x - 8. Calculate the remainder when g is divided by s(-5).
10
Suppose -2*g + 3*g - 65 = 0. Calculate the remainder when g is divided by 22.
21
Suppose 32 = 6*l - 3*l + 5*m, l - m = 8. Let b be 26/6 + (-3)/l. Suppose -2*g = -0*g - b. Calculate the remainder when 3 is divided by g.
1
Suppose -2*w = -0*w - 38. What is the remainder when w is divided by 16?
3
Let o(g) = 4*g. Let j be o(1). Suppose 224 = j*k + 4*n - 5*n, -3*n + 168 = 3*k. What is the remainder when k is divided by 20?
16
Let t(j) = -j**2 - 5*j - 1. Let v be t(-2). Suppose -3*z = 1 - 4, -v*z - 10 = -3*s. What is the remainder when 11 - 1 - (-1 - -2) is divided by s?
4
Suppose -300 = -4*g - 2*g. Calculate the remainder when g is divided by 17.
16
What is the remainder when -50*(28/(-8) - -2) is divided by 26?
23
Let z(u) = 3*u**2 - 2*u + 1. Let t be z(1). Suppose -5*g - t*v + 4 = -8, -4*g + 5*v = -36. Let b = 13 + -3. What is the remainder when b is divided by g?
2
Let k(y) = -2*y + 2. Let q(v) = v**3 - v**2 + 5. Let i be q(0). Let x = 10 - i. What is the remainder when k(-3) is divided by x?
3
Let v = 19 - -2. Suppose -7*f + 3*f + 44 = 0. What is the remainder when v is divided by f?
10
Suppose -x + 5*j = -13, x + 8*j = 3*j - 17. Calculate the remainder when 2 is divided by (x - -1) + 0 + 3.
0
Let h(w) = 4*w**2 - 1. Let z(l) = 7*l. Let r be z(2). Suppose 4*d + r - 186 = 0. What is the remainder when d is divided by h(2)?
13
Let h(u) = 2*u + 6. What is the remainder when 1/5 - (-468)/10 is divided by h(5)?
15
Let k = -10 + -2. What is the remainder when 31 is divided by (k/10)/(3/(-40))?
15
Let t(z) = -7*z + z**2 + 12 + 11*z + 9*z. What is the remainder when t(-14) is divided by 9?
8
Let w(c) = -c**3 - c**2 + c - 15. What is the remainder when w(-5) is divided by 17?
12
Let y(n) = 2*n**2 - 13*n + 30. What is the remainder when 28 is divided by y(5)?
13
Suppose 4*i - 216 = -3*u, 2*u - 167 = -3*i + 8*i. Calculate the remainder when u is divided by 27.
22
Let d = 10 + -7. Let t = d + -4. Calculate the remainder when (t + -42)*(0 - 1) is divided by 15.
13
Suppose -11*s + 568 = -6*s + 2*y, 4*y = s - 96. Calculate the remainder when s is divided by 24.
16
Suppose -3*k - 5*v + 14 = 0, -4*v + 3 = 2*k - 7*v. Suppose k*u = 2*u + 102. What is the remainder when u is divided by 26?
24
Suppose -263 + 88 = -7*b. What is the remainder when 70 is divided by b?
20
Suppose 